e number?
False
Is 22642559 composite?
False
Is 265191 composite?
True
Is 317977621 prime?
False
Is 611993 composite?
False
Is 44704117 a prime number?
True
Is 21305027 a composite number?
False
Is 1489199 composite?
False
Is 6601601 prime?
True
Is 23849381 prime?
True
Is 3537811 composite?
False
Is 154001 a prime number?
True
Is 10841242 a composite number?
True
Is 90877601 prime?
True
Is 10711286 composite?
True
Is 55925489 prime?
False
Is 430749269 prime?
True
Is 148352339 prime?
True
Is 171025243 composite?
True
Is 18033959 composite?
True
Is 159283841 prime?
True
Is 4440323 composite?
False
Is 18935851 prime?
False
Is 5005345 prime?
False
Is 1995117 prime?
False
Is 6069979 a prime number?
False
Is 13904981 composite?
False
Is 20110583 a composite number?
False
Is 111644789 a prime number?
True
Is 3129937 prime?
True
Is 1270897 prime?
True
Is 36833173 prime?
False
Is 1794203 a prime number?
True
Is 129578395 prime?
False
Is 109725901 composite?
True
Is 137805221 a composite number?
False
Is 141423143 composite?
False
Is 207818797 composite?
False
Is 3403733 a composite number?
False
Is 42106567 prime?
False
Is 400745383 a prime number?
True
Is 3129793 prime?
False
Is 1293121 composite?
True
Is 66518299 a prime number?
True
Is 18105335 a composite number?
True
Is 5695297 a prime number?
True
Is 253900043 a composite number?
False
Is 7709813 prime?
True
Is 11307081 a prime number?
False
Is 17567 a composite number?
True
Is 4002671 prime?
True
Is 8019257 prime?
False
Is 68963651 a composite number?
False
Is 307061569 a prime number?
False
Is 166763381 a prime number?
False
Is 164239 composite?
False
Is 18981493 a composite number?
False
Is 4907839 a composite number?
True
Is 566537 composite?
False
Is 4959719 a composite number?
False
Is 49022707 a prime number?
True
Is 1824707 a prime number?
True
Is 210707579 prime?
True
Is 1338817 a composite number?
True
Is 120719 a composite number?
True
Is 439122638 prime?
False
Is 14255417 a composite number?
True
Is 31524403 a prime number?
True
Is 715431323 a prime number?
True
Is 8410921 prime?
True
Is 30520691 composite?
True
Is 52692373 a prime number?
False
Is 73621763 prime?
True
Is 67700219 a composite number?
False
Is 1954151 a prime number?
True
Is 1130621 composite?
False
Is 29756417 a composite number?
False
Is 2735767 a composite number?
False
Is 70212167 prime?
True
Is 14882783 composite?
True
Is 28039303 a composite number?
True
Is 6489529 composite?
True
Is 95947 a composite number?
False
Is 385724419 prime?
True
Is 931659 a prime number?
False
Is 10590703 a composite number?
True
Is 40233723 prime?
False
Is 1420243 a prime number?
False
Is 97906763 prime?
False
Is 1674061 prime?
False
Is 2073443 prime?
False
Is 116051047 composite?
True
Is 10021045 a prime number?
False
Is 12232327 prime?
True
Is 26534561 prime?
True
Is 11537117 a composite number?
False
Is 46979627 a prime number?
True
Is 81503951 prime?
True
Is 104191037 prime?
True
Is 247595405 a prime number?
False
Is 243357 a composite number?
True
Is 25962373 composite?
True
Is 4500211 composite?
False
Is 152311019 a composite number?
True
Is 855982 composite?
True
Is 2187485 composite?
True
Is 4943249 composite?
True
Is 150154631 composite?
True
Is 212256383 a composite number?
True
Is 4069113 a composite number?
True
Is 209735957 prime?
True
Is 7299733 composite?
True
Is 25049753 prime?
True
Is 5208989 composite?
False
Is 121998701 prime?
False
Is 4719653 a prime number?
False
Is 517043 a prime number?
True
Is 312219053 a composite number?
False
Is 361792361 composite?
True
Is 598597469 a prime number?
True
Is 5917661 a prime number?
True
Is 23390347 a prime number?
True
Is 2747611 a prime number?
True
Is 2135974 a prime number?
False
Is 97499 prime?
True
Is 4892289 composite?
True
Is 433439 a prime number?
True
Is 10975697 a composite number?
False
Is 16417693 prime?
False
Is 268515881 composite?
False
Is 27246269 composite?
False
Is 17557487 a prime number?
False
Is 54650779 a prime number?
True
Is 11014522 composite?
True
Is 23141161 a prime number?
False
Is 11375687 a composite number?
True
Is 953831 composite?
False
Is 420995 composite?
True
Is 295040217 a prime number?
False
Is 289126457 prime?
False
Is 25720441 a prime number?
True
Is 22496819 prime?
False
Is 7383463 composite?
True
Is 2875087 composite?
True
Is 1983833 a composite number?
False
Is 36275983 prime?
False
Is 162749207 composite?
False
Is 960931 a prime number?
True
Is 19769377 a prime number?
True
Is 200976563 composite?
True
Is 11371273 composite?
False
Is 385730701 prime?
True
Is 28851547 prime?
False
Is 2535971 prime?
False
Is 249266573 a composite number?
False
Is 237104961 a prime number?
False
Is 41554921 a prime number?
True
Is 344437 prime?
False
Is 38039 a composite number?
False
Is 156121483 a prime number?
False
Is 1897703 a composite number?
False
Is 83401157 a prime number?
False
Is 1562513 composite?
False
Is 121909943 a composite number?
False
Is 91989377 a composite number?
True
Is 441689153 composite?
False
Is 89644309 composite?
True
Is 1134131 composite?
True
Is 6224863 a composite number?
True
Is 6835519 a prime number?
True
Is 110282843 a composite number?
True
Is 32723981 a composite number?
True
Is 32285243 a prime number?
True
Is 79510049 prime?
True
Is 627127 a prime number?
False
Is 8059289 prime?
False
Is 54755537 composite?
True
Is 6491074 a composite number?
True
Is 78365257 a composite number?
True
Is 10016959 composite?
False
Is 5611433 a prime number?
True
Is 47425489 a composite number?
False
Is 233048809 a prime number?
False
Is 13810315 prime?
False
Is 2770231 prime?
True
Is 74554829 a composite number?
True
Is 91136659 a composite number?
False
Is 2896217 a composite number?
True
Is 530687 prime?
False
Is 8641921 a composite number?
True
Is 1910527 prime?
True
Is 9384745 a composite number?
True
Is 2410253 prime?
False
Is 1918151 composite?
False
Is 323971249 composite?
True
Is 44784521 a prime number?
False
Is 25060694 prime?
False
Is 17269669 composite?
True
Is 2215823 a composite number?
False
Is 4776833 a composite number?
False
Is 27301987 a prime number?
True
Is 39955235 prime?
False
Is 567151174 a composite number?
True
Is 1151261207 prime?
False
Is 2520313 a composite number?
False
Is 2093383 composite?
True
Is 5736469 a prime number?
False
Is 251347603 composite?
True
Is 728437 a prime number?
True
Is 60219673 a composite number?
False
Is 42560774 a prime number?
False
Is 15964833 a composite number?
True
Is 214689647 a composite number?
False
Is 17000239 a composite number?
False
Is 15348653 a prime number?
True
Is 107324153 a composite number?
False
Is 59470006 a prime number?
False
Is 3462619 a prime number?
True
Is 8029909 composite?
False
Is 448454945 prime?
False
Is 32604337 prime?
True
Is 64996637 a prime number?
True
Is 1010231 a prime number?
False
Is 3750767 a prime number?
True
Is 13783997 prime?
False
Is 43093909 a prime number?
True
Is 2840501 a composite number?
True
Is 3209701 prime?
False
Is 112183937 composite?
False
Is 2081671 composite?
False
Is 16780283 prime?
False
Is 316851229 prime?
False
Is 12541193 a prime number?
False
Is 79170919 a prime number?
True
Is 53436887 prime?
False
Is 80264878 prime?
False
Is 1992787 prime?
False
Is 444973 a prime number?
False
Is 157641063 composite?
True
Is 6085929 a prime number?
False
Is 3468943 prime?
True
Is 66898679 a composite number?
True
Is 124367413 composite?
False
Is 89002997 prime?
False
Is 435679103 a prime number?
True
Is 3466991 a prime number?
False
Is 73780747 prime?
True
Is 905273555 a prime number?
False
Is 5426659 a prime number?
False
Is 468761 composite?
False
Is 414943 composite?
True
Is 297486929 a prime number?
True
Is 381071 a prime number?
True
Is 4984423 prime?
True
Is 309069545 a composite number?
True
Is 703774909 composite?
False
Is 519007 a composite number?
True
Is 873659 prime?
True
Is 12170091 composite?
True
Is 49272211 prime?
True
Is 355761229 composite?
False
Is 161909347 a prime number?
True
Is 6173961 a composite number?
True
Is 34058527 a prime number?
True
Is 5649893 prime?
False
Is 15128771 a prime number?
False
Is 16137187 a composite number?
True
Is 2029849 a composite number?
True
Is 4163 a composite number